{"id":11071,"date":"2015-04-11T14:22:58","date_gmt":"2015-04-11T11:22:58","guid":{"rendered":"http:\/\/reviiri.org\/?page_id=11071"},"modified":"2026-01-30T11:27:46","modified_gmt":"2026-01-30T09:27:46","slug":"ominaisuudet-3","status":"publish","type":"page","link":"https:\/\/reviiri.org\/?page_id=11071","title":{"rendered":"Ominaisuudet"},"content":{"rendered":"<h2>Yleiskuvaus<\/h2>\n<p>Reviirin teht\u00e4v\u00e4n\u00e4 on auttaa mets\u00e4stysseurojen toimihenkil\u00f6it\u00e4 pit\u00e4m\u00e4\u00e4n seuran mets\u00e4stysalueiden vuokrasopimukset tallessa ja j\u00e4rjestyksess\u00e4. Kun koko vuokrasopimuskanta on Reviiriss\u00e4, n\u00e4ette yhdell\u00e4 silm\u00e4yksell\u00e4 esimerkiksi l\u00e4hiaikoina umpeutuvat sopimukset, ja aina ajan tasalla oleva mets\u00e4stysalueet sis\u00e4lt\u00e4v\u00e4 kartta on helposti saatavilla. Reviiriin merkityt sopimusalueet palvelevat seuraa usealla eri tavalla:<\/p>\n<ol>\n<li><strong>Sopimusten hallinta.<\/strong>\u00a0Reviiriss\u00e4 oleva sopimus sis\u00e4lt\u00e4\u00e4 tarkat tiedot sovitusta mets\u00e4stysalueesta. Vuokrasopimus on aina tallessa ja varmasti paikkansapit\u00e4v\u00e4 sen suhteen, mit\u00e4 vuokranantajan kanssa on sovittu. Vuokrasopimus sis\u00e4lt\u00e4\u00e4 aina karttaliitteen.<\/li>\n<li><strong>Karttamerkint\u00f6jen yll\u00e4pito.<\/strong> Mets\u00e4stysseura voi merkit\u00e4 vaikkapa riistanhoitosuunnitelmaan tai mets\u00e4stykseen muuten liittyv\u00e4t paikat suoraan kartalle, jolla ne n\u00e4kyv\u00e4t yhdess\u00e4 mets\u00e4stysalueiden kanssa.<\/li>\n<li><strong>Mets\u00e4stysk\u00e4ytt\u00f6.<\/strong> Kaikkien allekirjoitettujen sopimusten kattamat vuokra-alueet ovat reaaliaikaisesti seuran j\u00e4senten n\u00e4ht\u00e4viss\u00e4 Tracker- ja WeHunt-mobiilisovelluksen kautta. T\u00e4ll\u00f6in mets\u00e4ll\u00e4 ollessaan mets\u00e4st\u00e4jien ei tarvitse arvailla, mit\u00e4 alueella saa mets\u00e4st\u00e4\u00e4.<\/li>\n<li><strong>Lupien hakeminen.<\/strong> Reviirist\u00e4 saa tuotettua sopimuskannan pohjalta kaiken tarpeellisen materiaalin erilaisia lupahakemuksia varten.<\/li>\n<li><strong>Karttatulosteet<\/strong>. Reviirist\u00e4 saa aina ajantasaiset laadukkaat karttatulosteet digitaalisessa muodossa (PDF, PNG, JPEG).<\/li>\n<\/ol>\n<p>Tarkempaa kuvausta Reviirin ominaisuuksista sek\u00e4 ohjeita sen k\u00e4ytt\u00f6\u00f6n saat <a title=\"K\u00e4ytt\u00f6ohjeet\" href=\"https:\/\/reviiri.org\/?page_id=11069\">K\u00e4ytt\u00f6ohjesivuilta<\/a>.<\/p>\n<h2>K\u00e4ytt\u00f6\u00f6notto<\/h2>\n<div class=\"arconix-box arconix-box-lgrey\"><i class='fa fa-2x pull-left fa-info-circle'><\/i><div class=\"arconix-box-content\"><strong>Oletko siirtym\u00e4ss\u00e4 Reviiriin jostakin toisesta j\u00e4rjestelm\u00e4st\u00e4?<\/strong> Mik\u00e4li sopimuskanta on jo olemassa jossakin tietoj\u00e4rjestelm\u00e4ss\u00e4, se saattaa olla mahdollista siirt\u00e4\u00e4 Reviiriin sellaisenaan. Siirron voi tehd\u00e4 itse tai teett\u00e4\u00e4 siirron korvausta vastaan. <a href=\"https:\/\/reviiri.org\/?page_id=11474\">Lis\u00e4tietoja t\u00e4\u00e4lt\u00e4<\/a>.<\/div><\/div>\n<h2><a name=\"Hinnoittelu\"><\/a>Hinnoittelu<\/h2>\n<p>Reviiri kustantaa mets\u00e4stysseuralle vain vuosimaksun <strong>219,00 \u20ac (sis. ALV 25,5%)<\/strong>. <a href=\"https:\/\/metsastajaliitto.fi\/\">Suomen Mets\u00e4st\u00e4j\u00e4liiton<\/a> j\u00e4senseuroille vuosimaksu on kuitenkin viel\u00e4 edullisempi, vain <strong>129,00 \u20ac (sis. ALV 25,5%)<\/strong> vuodessa! K\u00e4ytt\u00f6oikeus on voimassa aina vuoden kerrallaan l\u00e4htien ensimm\u00e4isest\u00e4 maksup\u00e4iv\u00e4st\u00e4.<\/p>\n<div class=\"arconix-box arconix-box-lgrey\"><i class='fa fa-2x pull-left fa-info-circle'><\/i><div class=\"arconix-box-content\">Yksitt\u00e4iselle mets\u00e4st\u00e4j\u00e4lle, joka kuuluu Reviiri\u00e4 k\u00e4ytt\u00e4v\u00e4\u00e4n seuraan, j\u00e4rjestelm\u00e4 on ilmainen. Seuran mets\u00e4stysalueet n\u00e4kyv\u00e4t ilmaisessa <a href=\"http:\/\/www.tracker.fi\/\" target=\"_blank\" rel=\"noopener\">Tracker-mobiilisovelluksessa<\/a>.<\/div><\/div>\n<h2>Liity Reviiri-k\u00e4ytt\u00e4jiin<\/h2>\n<p>Kiinnostaako Reviirin k\u00e4ytt\u00e4minen mets\u00e4stysseurassasi? <a href=\"http:\/\/reviiri.org\/reviiri\/login\/new-club\/\" target=\"_blank\" rel=\"noopener\">Voit kokeilla\u00a0Reviiri\u00e4 ilman sitoumuksia 30 p\u00e4iv\u00e4n ajan!<\/a><\/p>\n","protected":false},"excerpt":{"rendered":"<p>Yleiskuvaus Reviirin teht\u00e4v\u00e4n\u00e4 on auttaa mets\u00e4stysseurojen toimihenkil\u00f6it\u00e4 pit\u00e4m\u00e4\u00e4n seuran mets\u00e4stysalueiden vuokrasopimukset tallessa ja j\u00e4rjestyksess\u00e4. Kun koko vuokrasopimuskanta on Reviiriss\u00e4, n\u00e4ette yhdell\u00e4 silm\u00e4yksell\u00e4 esimerkiksi l\u00e4hiaikoina umpeutuvat sopimukset, ja aina ajan tasalla oleva mets\u00e4stysalueet sis\u00e4lt\u00e4v\u00e4 kartta on helposti saatavilla. Reviiriin merkityt sopimusalueet palvelevat seuraa usealla eri tavalla: Sopimusten hallinta.\u00a0Reviiriss\u00e4 oleva sopimus sis\u00e4lt\u00e4\u00e4 tarkat tiedot sovitusta mets\u00e4stysalueesta. Vuokrasopimus<\/p>\n<p class=\"more-link\"><a href=\"https:\/\/reviiri.org\/?page_id=11071\" class=\"themebutton2\">READ MORE<\/a><\/p>\n","protected":false},"author":5,"featured_media":0,"parent":0,"menu_order":0,"comment_status":"open","ping_status":"open","template":"","meta":{"footnotes":""},"categories":[],"tags":[],"class_list":["post-11071","page","type-page","status-publish","hentry"],"_links":{"self":[{"href":"https:\/\/reviiri.org\/index.php?rest_route=\/wp\/v2\/pages\/11071","targetHints":{"allow":["GET"]}}],"collection":[{"href":"https:\/\/reviiri.org\/index.php?rest_route=\/wp\/v2\/pages"}],"about":[{"href":"https:\/\/reviiri.org\/index.php?rest_route=\/wp\/v2\/types\/page"}],"author":[{"embeddable":true,"href":"https:\/\/reviiri.org\/index.php?rest_route=\/wp\/v2\/users\/5"}],"replies":[{"embeddable":true,"href":"https:\/\/reviiri.org\/index.php?rest_route=%2Fwp%2Fv2%2Fcomments&post=11071"}],"version-history":[{"count":65,"href":"https:\/\/reviiri.org\/index.php?rest_route=\/wp\/v2\/pages\/11071\/revisions"}],"predecessor-version":[{"id":11765,"href":"https:\/\/reviiri.org\/index.php?rest_route=\/wp\/v2\/pages\/11071\/revisions\/11765"}],"wp:attachment":[{"href":"https:\/\/reviiri.org\/index.php?rest_route=%2Fwp%2Fv2%2Fmedia&parent=11071"}],"wp:term":[{"taxonomy":"category","embeddable":true,"href":"https:\/\/reviiri.org\/index.php?rest_route=%2Fwp%2Fv2%2Fcategories&post=11071"},{"taxonomy":"post_tag","embeddable":true,"href":"https:\/\/reviiri.org\/index.php?rest_route=%2Fwp%2Fv2%2Ftags&post=11071"}],"curies":[{"name":"wp","href":"https:\/\/api.w.org\/{rel}","templated":true}]}}