{"id":11288,"date":"2015-04-11T14:22:58","date_gmt":"2015-04-11T11:22:58","guid":{"rendered":"http:\/\/reviiri.org\/?page_id=11288"},"modified":"2026-01-30T11:28:25","modified_gmt":"2026-01-30T09:28:25","slug":"ominaisuudet","status":"publish","type":"page","link":"https:\/\/reviiri.org\/?page_id=11288&lang=en","title":{"rendered":"Features"},"content":{"rendered":"<h2>Overview<\/h2>\n<p>Reviiri is designed to aid the functionaries of hunting clubs to take care of the club&#8217;s hunting area lease agreements. With\u00a0all agreements are in Reviiri,\u00a0you\u00a0get notified of soon-to-expire agreements, and access always up-to-date maps of the hunting areas. The agreements entered in Reviiri serve the club in several different ways:<\/p>\n<ol>\n<li><strong>Agreement management.<\/strong>\u00a0An agreement in Reviiri includes exact information of the agreed-on hunting areas. The agreement is stored\u00a0in a safe place and certain to contain correct information. The agreement always contains an appendix with a map of the area.<\/li>\n<li><strong>Map marker management.<\/strong>\u00a0The hunting club can enter, for example, their plan for game care, or other information related to hunting, directly on the map. The markers are then always visible together with the hunting areas.<\/li>\n<li><strong>Hunting.<\/strong>\u00a0All the hunting areas in the agreements are visible to the club&#8217;s members in real time through the Tracker mobile application. This way, a hunter in the forest does not need to guess where hunting is allowed and where not.<\/li>\n<li><strong>License applications.<\/strong>\u00a0Based on the agreements in Reviiri, you can produce all the necessary map material for different kinds of license applications.\u00a0<span style=\"font-size: 8pt;\">(These features will be augmented during the year 2015)<\/span><\/li>\n<li><strong>Map prints.<\/strong> You can easily print out up-to-date, high-quality maps from Reviiri in digital formats (PDF, PNG, JPEG).\n<\/ol>\n<p>More detailed information and instructions of use about Reviiri features can be read from the\u00a0<a title=\"K\u00e4ytt\u00f6ohjeet\" href=\"https:\/\/reviiri.org\/?page_id=11272&lang=en\">Instructions pages<\/a>.<\/p>\n<h2>Starting to use Reviiri<\/h2>\n<div class=\"arconix-box arconix-box-lgrey\"><i class='fa fa-2x pull-left fa-info-circle'><\/i><div class=\"arconix-box-content\"><strong>Are you moving to Reviiri from some other system?<\/strong>\u00a0If your agreements are already entered into an information system, it may be possible to transfer them automatically to Reviiri. The transfer work can be done by the club, or purchased separately. For more information, <a href=\"https:\/\/reviiri.org\/?page_id=11474\">see this page<\/a>.<\/div><\/div>\n<h2><a name=\"Hinnoittelu\"><\/a>Pricing<\/h2>\n<p>The yearly cost of Reviiri to the hunting club is <strong>219,00 \u20ac (incl. 25,5% VAT)<\/strong>. Member clubs of <a href=\"http:\/\/www.metsastajaliitto.fi\/\" target=\"_blank\" rel=\"noopener\">Suomen Mets\u00e4st\u00e4j\u00e4liitto<\/a> get a discount, paying just <strong>129,00 \u20ac (incl. 25,5% VAT)<\/strong> per year! The license is effective for a year counting from the first date of payment.<\/p>\n<div class=\"arconix-box arconix-box-lgrey\"><i class='fa fa-2x pull-left fa-info-circle'><\/i><div class=\"arconix-box-content\">For a single hunter, who is a member of a club using Reviiri, the system is free. The club&#8217;s hunting areas are visible in the free <a href=\"http:\/\/www.tracker.fi\/\" target=\"_blank\" rel=\"noopener\">Tracker mobile application<\/a>.<\/div><\/div>\n<h2>Join Reviiri<\/h2>\n<p>Interested in using Reviiri with your hunting club? <a href=\"http:\/\/reviiri.org\/reviiri\/login\/new-club\/\" target=\"_blank\" rel=\"noopener\">You can evaluate Reviiri free-of-charge for 30 days!<\/a><\/p>\n","protected":false},"excerpt":{"rendered":"<p>Overview Reviiri is designed to aid the functionaries of hunting clubs to take care of the club&#8217;s hunting area lease agreements. With\u00a0all agreements are in Reviiri,\u00a0you\u00a0get notified of soon-to-expire agreements, and access always up-to-date maps of the hunting areas. The agreements entered in Reviiri serve the club in several different ways: Agreement management.\u00a0An agreement in<\/p>\n<p class=\"more-link\"><a href=\"https:\/\/reviiri.org\/?page_id=11288&#038;lang=en\" class=\"themebutton2\">READ MORE<\/a><\/p>\n","protected":false},"author":3,"featured_media":0,"parent":0,"menu_order":0,"comment_status":"open","ping_status":"open","template":"","meta":{"footnotes":""},"categories":[],"tags":[],"class_list":["post-11288","page","type-page","status-publish","hentry"],"_links":{"self":[{"href":"https:\/\/reviiri.org\/index.php?rest_route=\/wp\/v2\/pages\/11288","targetHints":{"allow":["GET"]}}],"collection":[{"href":"https:\/\/reviiri.org\/index.php?rest_route=\/wp\/v2\/pages"}],"about":[{"href":"https:\/\/reviiri.org\/index.php?rest_route=\/wp\/v2\/types\/page"}],"author":[{"embeddable":true,"href":"https:\/\/reviiri.org\/index.php?rest_route=\/wp\/v2\/users\/3"}],"replies":[{"embeddable":true,"href":"https:\/\/reviiri.org\/index.php?rest_route=%2Fwp%2Fv2%2Fcomments&post=11288"}],"version-history":[{"count":14,"href":"https:\/\/reviiri.org\/index.php?rest_route=\/wp\/v2\/pages\/11288\/revisions"}],"predecessor-version":[{"id":11767,"href":"https:\/\/reviiri.org\/index.php?rest_route=\/wp\/v2\/pages\/11288\/revisions\/11767"}],"wp:attachment":[{"href":"https:\/\/reviiri.org\/index.php?rest_route=%2Fwp%2Fv2%2Fmedia&parent=11288"}],"wp:term":[{"taxonomy":"category","embeddable":true,"href":"https:\/\/reviiri.org\/index.php?rest_route=%2Fwp%2Fv2%2Fcategories&post=11288"},{"taxonomy":"post_tag","embeddable":true,"href":"https:\/\/reviiri.org\/index.php?rest_route=%2Fwp%2Fv2%2Ftags&post=11288"}],"curies":[{"name":"wp","href":"https:\/\/api.w.org\/{rel}","templated":true}]}}