{"id":11550,"date":"2017-01-02T09:50:16","date_gmt":"2017-01-02T07:50:16","guid":{"rendered":"http:\/\/reviiri.org\/?page_id=11550"},"modified":"2017-02-16T11:06:49","modified_gmt":"2017-02-16T09:06:49","slug":"karttatulosteet-3","status":"publish","type":"page","link":"https:\/\/reviiri.org\/?page_id=11550&lang=sv","title":{"rendered":"Kartutskrifter"},"content":{"rendered":"<h3>Egenskaper f\u00f6r Reviiris kartutskrifter<\/h3>\n<p>Alla omr\u00e5dens samlade information kan presenteras i samlad form p\u00e5 kartbotten precis som man vill, och sedan producera en sammans\u00e4ttning i utskriften, antingen som en digital PDF eller raster eller direkt till papper eller vinyl. Denna funktion hanteras genom fliken Kartutskrifter.<\/p>\n<h3>Utskriftsformat och utskrifter<\/h3>\n<p>Reviiris utskrifter baseras p\u00e5 ett visst format. Formatet best\u00e4mmer vilken information som visas p\u00e5 kartan och p\u00e5 vilket s\u00e4tt. Ur formatet kan man sedan forma enskilda utskrifter. P\u00e5 detta s\u00e4tt \u00e4r det l\u00e4tt att definiera s\u00e4g, klubbens jaktomr\u00e5desgr\u00e4nser n\u00e4r man vill, och sedan ta b\u00e5de utskrifter i pappersform till exempel och i digital form, och g\u00f6ra nya utskrifter som ser likadana ut n\u00e4r jaktomr\u00e5dena f\u00f6r\u00e4ndras.<\/p>\n<p>L\u00e4ngst upp p\u00e5 fliken <em>Kartutskrifter<\/em> syns systemets f\u00e4rdiga utskriftsformat s\u00e5v\u00e4l som klubbens egna utskrifter. Bilden p\u00e5 utskrivaren bredvid formatmallen g\u00f6r en ny utskrift enligt formatmallen. Utskrivna dokument syns i listan under formatmallarna. Digitala utskrifter visas i listan i tv\u00e5 veckor, pappersutskrifter till dess att de separat rensas ut fr\u00e5n listan.<\/p>\n<div class=\"arconix-column-two-thirds\"><div class=\"arconix-box arconix-box-lgrey\"><i class='fa fa-2x pull-left fa-info-circle'><\/i><div class=\"arconix-box-content\">Digitala utskrifter sparas som laddningsbara 14 dagar efter att utskriften slutf\u00f6rts. Ladda upp utskrifterna till dig sj\u00e4lv inom denna period.<\/div><\/div><\/div>\n<h3>Formatmallens design<\/h3>\n<p>Formatmallarna utformas d\u00e4r sk\u00e4rmen \u00e4r uppdelad i tv\u00e5 halvor. P\u00e5 ena sidan syns redigeringsvyn var element fr\u00e5n kartan kan tills\u00e4ttas och redigeras. Bredvid \u00e4r en kartvy som visar en f\u00f6rhandsgranskning av den f\u00e4rdiga utskriften. F\u00f6rhandsgranskningen motsvarar dock inte n\u00f6dv\u00e4ndigtvis den slutliga utskriften, s\u00e5 det b\u00f6r inte f\u00f6rlitas f\u00f6r mycket p\u00e5 den.<\/p>\n<h4>Basinformation<\/h4>\n<p>I formatmallsredigeraren visas f\u00f6rst basinformation om formatmallen:<\/p>\n<ul>\n<li>Formatmallen har ett namn som syns endast i fliken <em>Kartutskrifter<\/em> &#8211; den syns allts\u00e5 inte i de egentliga utskrifterna.<\/li>\n<li>Titeltexten skrivs ut som kartrubrik ovanf\u00f6r kartan.<\/li>\n<li>Som kartprojektion kan man v\u00e4lja antingen finsk standardprojektion EPSG: 3067, som bland annat anv\u00e4nds av Lantm\u00e4teriet, eller globala internet och mobilkartor som anv\u00e4nder EPSG: 3857, d\u00e5 utskriften motsvarar omfattning och riktning i exempelvis Reviiris n\u00e4tkartor.<\/li>\n<li>Med till\u00e4ggsmarginal kan man l\u00e4mna extra vitt utrymme vid utskriftens kanter f\u00f6r egna anteckningar eller liknande.<\/li>\n<li>Skalan kan v\u00e4ljas mellan 1: 5000 till 1: 250000.<\/li>\n<li>Anpassning kan g\u00f6ras automatiskt n\u00e4r utskriften \u00e4r inst\u00e4lld s\u00e5 att mitten av kartan \u00e4r i mitten av kartelementen, eller s\u00e5 kan layouten g\u00f6ras f\u00f6r hand.<\/li>\n<li>Till kartniv\u00e5erna kan man v\u00e4lja att omr\u00e5desgr\u00e4nserna tas med eller tas bort ur utskriften. Omr\u00e5desgr\u00e4nserna kan inte visas i skala 1: 250000 formatet.<\/li>\n<li>Om s\u00e5 \u00f6nskas kan utskriften i ett av h\u00f6rnen visa n\u00e4rkarta. N\u00e4rkartan \u00e4r i en liten formatmall d\u00e4r den aktuella kartan visas i ett st\u00f6rre sammanhang.<\/li>\n<\/ul>\n<p>Utskriftsstorleken eller formatm\u00e5ttet kan st\u00e4llas in automatiskt om s\u00e5 \u00f6nskas. D\u00e5 v\u00e4ljer systemet automatiskt ett v\u00e4rde som g\u00f6r s\u00e5 att alla element passar in i utskriften.<\/p>\n<h4>Avtalsomr\u00e5den<\/h4>\n<p>Det g\u00e5r att l\u00e4gga till klubbens utvalda avtalsomr\u00e5den i Utskriftsmallen genom att best\u00e4mma att filtret baseras p\u00e5 jaktbara arter. Omr\u00e5den utanf\u00f6r Avtalsomr\u00e5det, p\u00e5 sj\u00e4lva avtalsomr\u00e5det, och rutter inom omr\u00e5det g\u00e5r att markera genom att fylla i olika f\u00e4rger och m\u00f6nster. Dessutom kan man markera omr\u00e5dets yttre och inre gr\u00e4nser.<\/p>\n<h4>Kartmarkeringar<\/h4>\n<p>Fr\u00e5n klubbens kartmarkeringar kan man till kartutskrifterna f\u00f6ra in \u00f6nskad upps\u00e4ttningen genom att best\u00e4mma ett inneh\u00e5lls- och uteslutningsfilter. Linje- och ifyllningsf\u00e4rger, symbolstorlekar, namn och m\u00e4rkningsuppgifter kan best\u00e4mmas f\u00f6r en viss grupp.<\/p>\n<h4>Fritext<\/h4>\n<p>Med Fritext-elementet f\u00e5r man l\u00e4gga f\u00e4rg och storlek till den fasta texten i utskriften. P\u00e5 s\u00e5 s\u00e4tt kan man till exempel ge f\u00f6rklarande texter med hj\u00e4lp av f\u00e4rg. Till skillnad fr\u00e5n andra kartelement kan dessa texter redigeras i kartvyn genom att ta tag i textens mitt och flytta dem. N\u00e4r en ny fritext l\u00e4ggs till \u00e4r den placerad f\u00f6rst i mitten av den aktuella vyn.<\/p>\n<h4>Kartvy<\/h4>\n<p>Kartan f\u00f6rhandsgranskning visar den valda utskriftsstorleken och placering visas som m\u00f6rkgr\u00e5 avgr\u00e4nsning. Det m\u00f6rkgr\u00e5a omr\u00e5dets yttre kant \u00e4r utskriftens yttre gr\u00e4ns och de gr\u00e5a omr\u00e5dena \u00e4r utskriftens marginaler. Om du har en hand i layouten kan du ta tag i en m\u00f6rkgr\u00e5 zon och flytta p\u00e5 utskriftens gr\u00e4ns, samt frig\u00f6ra utskriftsformatet genom att dra kanterna och storleken kan \u00e4ndras.<\/p>\n<h3>Utskriftens design<\/h3>\n<p>N\u00e4r man g\u00f6r en utskrift i formatmallen visas redigeringsvyn p\u00e5 en likadant s\u00e4tt som formatmallens. \u00c4ndringar i utskriften lagras inte n\u00e5gonstans f\u00f6r vidare anv\u00e4ndning, s\u00e5 mer omfattande \u00e4ndringar b\u00f6r du alltid g\u00f6ra i formatmallen.<\/p>\n<p>N\u00e4r utskriften g\u00f6rs ska du ocks\u00e5 v\u00e4lja typ av utskrift. Digital utg\u00e5ng (PDF-dokument, rasterbilder) \u00e4r gratis upp till en halv kvadratmeter (t.ex. A1). St\u00f6rre digitala utskrifter, och alla papper- och vinylutskrifter betalas efter utskriften gjorts i Reviiris n\u00e4tbutik. Efter betalning flyttas utskrifterna till utskriftsk\u00f6n och vid slutf\u00f6randet av arbetet kan man ladda ner digitala kopior till sig sj\u00e4lv. Pappersutskrifter kommer att skickas till angiven leveransadress.<\/p>\n","protected":false},"excerpt":{"rendered":"<p>Egenskaper f\u00f6r Reviiris kartutskrifter Alla omr\u00e5dens samlade information kan presenteras i samlad form p\u00e5 kartbotten precis som man vill, och sedan producera en sammans\u00e4ttning i utskriften, antingen som en digital PDF eller raster eller direkt till papper eller vinyl. Denna funktion hanteras genom fliken Kartutskrifter. Utskriftsformat och utskrifter Reviiris utskrifter baseras p\u00e5 ett visst format.<\/p>\n<p class=\"more-link\"><a href=\"https:\/\/reviiri.org\/?page_id=11550&#038;lang=sv\" class=\"themebutton2\">READ MORE<\/a><\/p>\n","protected":false},"author":3,"featured_media":0,"parent":11273,"menu_order":0,"comment_status":"closed","ping_status":"closed","template":"","meta":{"footnotes":""},"categories":[],"tags":[],"class_list":["post-11550","page","type-page","status-publish","hentry"],"_links":{"self":[{"href":"https:\/\/reviiri.org\/index.php?rest_route=\/wp\/v2\/pages\/11550","targetHints":{"allow":["GET"]}}],"collection":[{"href":"https:\/\/reviiri.org\/index.php?rest_route=\/wp\/v2\/pages"}],"about":[{"href":"https:\/\/reviiri.org\/index.php?rest_route=\/wp\/v2\/types\/page"}],"author":[{"embeddable":true,"href":"https:\/\/reviiri.org\/index.php?rest_route=\/wp\/v2\/users\/3"}],"replies":[{"embeddable":true,"href":"https:\/\/reviiri.org\/index.php?rest_route=%2Fwp%2Fv2%2Fcomments&post=11550"}],"version-history":[{"count":3,"href":"https:\/\/reviiri.org\/index.php?rest_route=\/wp\/v2\/pages\/11550\/revisions"}],"predecessor-version":[{"id":11568,"href":"https:\/\/reviiri.org\/index.php?rest_route=\/wp\/v2\/pages\/11550\/revisions\/11568"}],"up":[{"embeddable":true,"href":"https:\/\/reviiri.org\/index.php?rest_route=\/wp\/v2\/pages\/11273"}],"wp:attachment":[{"href":"https:\/\/reviiri.org\/index.php?rest_route=%2Fwp%2Fv2%2Fmedia&parent=11550"}],"wp:term":[{"taxonomy":"category","embeddable":true,"href":"https:\/\/reviiri.org\/index.php?rest_route=%2Fwp%2Fv2%2Fcategories&post=11550"},{"taxonomy":"post_tag","embeddable":true,"href":"https:\/\/reviiri.org\/index.php?rest_route=%2Fwp%2Fv2%2Ftags&post=11550"}],"curies":[{"name":"wp","href":"https:\/\/api.w.org\/{rel}","templated":true}]}}