{"id":11631,"date":"2018-01-29T08:59:30","date_gmt":"2018-01-29T06:59:30","guid":{"rendered":"https:\/\/reviiri.org\/?page_id=11631"},"modified":"2023-02-13T23:20:03","modified_gmt":"2023-02-13T21:20:03","slug":"reviirin-ohjevideot","status":"publish","type":"page","link":"https:\/\/reviiri.org\/?page_id=11631","title":{"rendered":"Reviirin ohjevideot"},"content":{"rendered":"<p><a href=\"https:\/\/www.youtube.com\/channel\/UCerUb27VCAAXX0iFi1W-QJQ\">Youtubeen on koottu joukko ohjevideoita<\/a>, jotka esittelev\u00e4t Reviirin eri ominaisuuksien k\u00e4ytt\u00f6\u00e4.<\/p>\n<p>Toimihenkil\u00f6ille tarkoitetut ohjeet:<\/p>\n<ul>\n<li><a href=\"https:\/\/youtu.be\/iBoOfKyU8tk\" target=\"_blank\" rel=\"noopener\">Seuran tunnusten luominen<\/a><\/li>\n<li><a href=\"https:\/\/youtu.be\/4uH3QtyCcE0\" target=\"_blank\" rel=\"noopener\">Sopimuksen lis\u00e4\u00e4minen Reviiriin<\/a><\/li>\n<li><a href=\"https:\/\/youtu.be\/mmToyRrNvU4\" target=\"_blank\" rel=\"noopener\">Sopimusten tuonti Excel-taulukon avulla<\/a><\/li>\n<li><a href=\"https:\/\/youtu.be\/XOe35HC_mhU\" target=\"_blank\" rel=\"noopener\">Karttamerkinn\u00e4t (pisteet)<\/a><\/li>\n<li><a href=\"https:\/\/youtu.be\/WGWh1QZ0cXU\" target=\"_blank\" rel=\"noopener\">Karttamerkinn\u00e4t (viivat ja alueet)<\/a><\/li>\n<\/ul>\n<p>Kaikille seuran j\u00e4senille tarkoitetut ohjeet:<\/p>\n<ul>\n<li><a href=\"https:\/\/youtu.be\/FvjkY4MfHYs\" target=\"_blank\" rel=\"noopener\">Seuran karttojen katselu tietokoneella<\/a><\/li>\n<p>\t<!-- li><a href=\"https:\/\/youtu.be\/eij6Q7or7kM\" target=\"_blank\" rel=\"noopener\">Seuran karttojen yhdist\u00e4minen puhelimen b-bark-sovellukseen<\/a><\/li -->\n<\/ul>\n<p>Kev\u00e4\u00e4ll\u00e4 2018 pidetiin yhteisty\u00f6ss\u00e4 Mets\u00e4st\u00e4j\u00e4liiton kanssa verkkokoulutus (webinar), <a href=\"https:\/\/youtu.be\/lt1c0RkIODE\" target=\"_blank\" rel=\"noopener\">jonka nauhoitus on my\u00f6s n\u00e4ht\u00e4vill\u00e4 Youtubessa.<\/a><\/p>\n","protected":false},"excerpt":{"rendered":"<p>Youtubeen on koottu joukko ohjevideoita, jotka esittelev\u00e4t Reviirin eri ominaisuuksien k\u00e4ytt\u00f6\u00e4. Toimihenkil\u00f6ille tarkoitetut ohjeet: Seuran tunnusten luominen Sopimuksen lis\u00e4\u00e4minen Reviiriin Sopimusten tuonti Excel-taulukon avulla Karttamerkinn\u00e4t (pisteet) Karttamerkinn\u00e4t (viivat ja alueet) Kaikille seuran j\u00e4senille tarkoitetut ohjeet: Seuran karttojen katselu tietokoneella Kev\u00e4\u00e4ll\u00e4 2018 pidetiin yhteisty\u00f6ss\u00e4 Mets\u00e4st\u00e4j\u00e4liiton kanssa verkkokoulutus (webinar), jonka nauhoitus on my\u00f6s n\u00e4ht\u00e4vill\u00e4 Youtubessa.<\/p>\n","protected":false},"author":5,"featured_media":0,"parent":0,"menu_order":0,"comment_status":"closed","ping_status":"closed","template":"","meta":{"footnotes":""},"categories":[],"tags":[],"class_list":["post-11631","page","type-page","status-publish","hentry"],"_links":{"self":[{"href":"https:\/\/reviiri.org\/index.php?rest_route=\/wp\/v2\/pages\/11631","targetHints":{"allow":["GET"]}}],"collection":[{"href":"https:\/\/reviiri.org\/index.php?rest_route=\/wp\/v2\/pages"}],"about":[{"href":"https:\/\/reviiri.org\/index.php?rest_route=\/wp\/v2\/types\/page"}],"author":[{"embeddable":true,"href":"https:\/\/reviiri.org\/index.php?rest_route=\/wp\/v2\/users\/5"}],"replies":[{"embeddable":true,"href":"https:\/\/reviiri.org\/index.php?rest_route=%2Fwp%2Fv2%2Fcomments&post=11631"}],"version-history":[{"count":7,"href":"https:\/\/reviiri.org\/index.php?rest_route=\/wp\/v2\/pages\/11631\/revisions"}],"predecessor-version":[{"id":11707,"href":"https:\/\/reviiri.org\/index.php?rest_route=\/wp\/v2\/pages\/11631\/revisions\/11707"}],"wp:attachment":[{"href":"https:\/\/reviiri.org\/index.php?rest_route=%2Fwp%2Fv2%2Fmedia&parent=11631"}],"wp:term":[{"taxonomy":"category","embeddable":true,"href":"https:\/\/reviiri.org\/index.php?rest_route=%2Fwp%2Fv2%2Fcategories&post=11631"},{"taxonomy":"post_tag","embeddable":true,"href":"https:\/\/reviiri.org\/index.php?rest_route=%2Fwp%2Fv2%2Ftags&post=11631"}],"curies":[{"name":"wp","href":"https:\/\/api.w.org\/{rel}","templated":true}]}}